{"id":4094,"date":"2021-10-26T11:01:22","date_gmt":"2021-10-26T10:01:22","guid":{"rendered":"https:\/\/www.zmodrehokralovstvi.cz\/?page_id=4094"},"modified":"2021-11-02T11:26:44","modified_gmt":"2021-11-02T10:26:44","slug":"dalsi-galerie-other-galleries","status":"publish","type":"page","link":"https:\/\/www.zmodrehokralovstvi.cz\/index.php\/dalsi-galerie-other-galleries\/","title":{"rendered":"Dal\u0161\u00ed galerie (Other Galleries)"},"content":{"rendered":"\nngg_shortcode_0_placeholder\n\n\n\n<h6 style=\"text-align: center;\"><em>( N\u011bkter\u00e9 fotografie zve\u0159ejn\u011bny s&nbsp;laskav\u00fdm svolen\u00edm <a href=\"http:\/\/www.dvurbazantnice.cz\/\" target=\"_blank\" rel=\"noopener\">Dv\u016fr Ba\u017eantnice<\/a> \/ <span class=\"VIiyi\" lang=\"en\"><span class=\"JLqJ4b ChMk0b C1N51c\" data-language-for-alternatives=\"en\" data-language-to-translate-into=\"cs\" data-phrase-index=\"0\" data-number-of-phrases=\"1\">Some photos published with kind permission <\/span><\/span><a href=\"http:\/\/www.dvurbazantnice.cz\/\" target=\"_blank\" rel=\"noopener\">Dv\u016fr Ba\u017eantnice<\/a> )<\/em><\/h6>\n","protected":false},"excerpt":{"rendered":"<p>( N\u011bkter\u00e9 fotografie zve\u0159ejn\u011bny s&nbsp;laskav\u00fdm svolen\u00edm Dv\u016fr Ba\u017eantnice \/ Some photos published with kind permission Dv\u016fr Ba\u017eantnice )<\/p>\n","protected":false},"author":2,"featured_media":0,"parent":0,"menu_order":56,"comment_status":"closed","ping_status":"closed","template":"","meta":{"ngg_post_thumbnail":0,"footnotes":""},"class_list":["post-4094","page","type-page","status-publish","hentry","entry"],"post_mailing_queue_ids":[],"_links":{"self":[{"href":"https:\/\/www.zmodrehokralovstvi.cz\/index.php\/wp-json\/wp\/v2\/pages\/4094","targetHints":{"allow":["GET"]}}],"collection":[{"href":"https:\/\/www.zmodrehokralovstvi.cz\/index.php\/wp-json\/wp\/v2\/pages"}],"about":[{"href":"https:\/\/www.zmodrehokralovstvi.cz\/index.php\/wp-json\/wp\/v2\/types\/page"}],"author":[{"embeddable":true,"href":"https:\/\/www.zmodrehokralovstvi.cz\/index.php\/wp-json\/wp\/v2\/users\/2"}],"replies":[{"embeddable":true,"href":"https:\/\/www.zmodrehokralovstvi.cz\/index.php\/wp-json\/wp\/v2\/comments?post=4094"}],"version-history":[{"count":3,"href":"https:\/\/www.zmodrehokralovstvi.cz\/index.php\/wp-json\/wp\/v2\/pages\/4094\/revisions"}],"predecessor-version":[{"id":8764,"href":"https:\/\/www.zmodrehokralovstvi.cz\/index.php\/wp-json\/wp\/v2\/pages\/4094\/revisions\/8764"}],"wp:attachment":[{"href":"https:\/\/www.zmodrehokralovstvi.cz\/index.php\/wp-json\/wp\/v2\/media?parent=4094"}],"curies":[{"name":"wp","href":"https:\/\/api.w.org\/{rel}","templated":true}]}}