{"id":191,"date":"2019-11-08T22:31:50","date_gmt":"2019-11-08T22:31:50","guid":{"rendered":"https:\/\/sample.photocrati.com\/?page_id=191"},"modified":"2025-07-24T07:35:37","modified_gmt":"2025-07-24T06:35:37","slug":"home","status":"publish","type":"page","link":"https:\/\/www.zmodrehokralovstvi.cz\/index.php\/home\/","title":{"rendered":"O n\u00e1s (Home)"},"content":{"rendered":"\n<h2 class=\"wp-block-heading has-text-align-center\"><span style=\"color:#8ed1fc\" class=\"tadv-color\">O n\u00e1s<\/span><\/h2>\n\n\n<h5 style=\"text-align: center;\"><a href=\"https:\/\/www.zmodrehokralovstvi.cz\/wp-content\/uploads\/2025\/04\/titel_EN_version.jpg\">EN version<\/a><\/h5>\n\n\n<p><em>Kr\u00e1tkosrst\u00e9 kolie &#8211; kra\u0165andy &#8211;&nbsp; jsou oddan\u00e9, loaj\u00e1ln\u00ed a \u010dasto i z\u00e1visl\u00e9 na sv\u00e9m majiteli \u010di jeho rodin\u011b, se kter\u00fdmi cht\u011bj\u00ed tr\u00e1vit sv\u016fj \u010das a del\u0161\u00ed odlou\u010den\u00ed ob\u010das t\u011b\u017eko nesou. Jsou p\u0159\u00e1telsk\u00e9, p\u0159izp\u016fsobiv\u00e9, inteligentn\u00ed a u\u010denliv\u00e9. Jsou hrav\u00e9 a pro sv\u00e9ho majitele jsou schopn\u00e9 ud\u011blat cokoliv.<\/em><\/p>\n<p><em>Rozhodli jste se po\u0159\u00eddit si \u0161t\u011bn\u011b? Zamyslete se nad t\u00edm, zda mu chcete a um\u00edte d\u00e1t l\u00e1sku a zda chcete ob\u011btovat sv\u00e9 soukrom\u00ed, sv\u016fj \u010das, sv\u00e9 pohodl\u00ed a pen\u00edze (po\u0159izovac\u00ed cena je ta nejmen\u0161\u00ed \u010d\u00e1st pen\u011bz, kter\u00e9 pes za sv\u016fj \u017eivot pot\u0159ebuje). Ka\u017ed\u00fd pes je jin\u00fd a ani sourozenci nemus\u00ed b\u00fdt stejn\u00ed. Nejen sladk\u00e9 a kr\u00e1sn\u00e9 \u0161t\u011b\u0148\u00e1tko pot\u0159ebuje Va\u0161i p\u00e9\u010di, ale mnohokr\u00e1t v\u00edce ji bude pot\u0159ebovat ji\u017e star\u00fd a nemocn\u00fd pes, kter\u00fd je V\u00e1m vyd\u00e1n na milost a nemilost. Je to z\u00e1vazek, kter\u00fd na sebe berete i na 15 a v\u00edce let. Nejhor\u0161\u00ed trest pro psa je, kdy\u017e po neuv\u00e1\u017een\u00e9 koupi mus\u00ed opustit m\u00edsto, kter\u00e9 za\u010dal pova\u017eovat za sv\u016fj domov.<br><\/em><\/p>\n<p><em>Na\u0161i psi a na\u0161e \u0161t\u011b\u0148\u00e1tka vyr\u016fstaj\u00ed uprost\u0159ed rodiny s&nbsp;nezm\u011brnou p\u00e9\u010d\u00ed a starostlivost\u00ed a ohleduplnost\u00ed k&nbsp;jejich povaze. Maj\u00ed neomezenou mo\u017enost pob\u00fdvat s&nbsp;n\u00e1mi doma nebo venku na zahrad\u011b. Denn\u011b se s&nbsp;nimi chod\u00ed na proch\u00e1zky do les\u016f, tr\u00e1v\u00ed s&nbsp;n\u00e1mi v\u0161echny dovolen\u00e9, chod\u00ed s&nbsp;n\u00e1mi do spole\u010dnosti a jsou vn\u00edm\u00e1ni jako na\u0161i partne\u0159i. Kolie je k\u0159ehk\u00e1 du\u0161e a nesnese jak\u00e9koliv zn\u00e1mky agresivity v\u016f\u010di n\u00ed. \u0160t\u011b\u0148\u00e1tka odchovan\u00e1 u n\u00e1s nemohu b\u00fdt vystr\u010dena trvale ven &#8222;na zahradu&#8220;, ale mus\u00ed m\u00edt mo\u017enost b\u00fdt s&nbsp;V\u00e1mi. V&nbsp;\u017e\u00e1dn\u00e9m p\u0159\u00edpad\u011b neakceptujeme jak\u00fdkoliv pokus \u0161t\u011bn\u011b zav\u0159\u00edt do kotce nebo p\u0159iv\u00e1zat k&nbsp;boud\u011b anebo pou\u017eit\u00ed v\u00fdchovn\u00fdch prost\u0159edk\u016f neodpov\u00eddaj\u00edc\u00ed \u010distot\u011b du\u0161e koli\u00ed.<\/em><\/p>\n<p><em>Ka\u017ed\u00e1 kolie, kdy\u017e se r\u00e1no probouz\u00ed, kdy\u017e j\u00ed n\u011bco zaj\u00edm\u00e1, kdy\u017e m\u00e1 radost a nebo kdy\u017e se nud\u00ed, \u00fa\u017easn\u011b mluv\u00ed. Mru\u010d\u00ed, brouk\u00e1, vrn\u00ed&#8230;.. z\u00edv\u00e1 a d\u011bl\u00e1 poklony. \u010casem se nau\u010d\u00edte zvuky a \u0159e\u010d t\u011bla ropozn\u00e1vat a v\u011bd\u011bt co znamenaj\u00ed.<\/em><\/p>\n<p><em>Chov\u00e1me pouze \u0161t\u011b\u0148\u00e1tka s&nbsp;PP a jedn\u00edm z&nbsp;hlavn\u00edch krit\u00e9ri\u00ed (krom\u011b ocen\u011bn\u00ed a stavby t\u011bla) p\u0159i v\u00fdb\u011bru jejich tat\u00ednka je genetick\u00fd p\u0159edpoklad pro zdrav\u00ed a povaha.<\/em><\/p>\n<p><em>\u0160t\u011b\u0148\u00e1tko v&nbsp;\u017e\u00e1dn\u00e9m p\u0159\u00edpad\u011b neprod\u00e1v\u00e1me a ani nerezervujeme po telefonu nebo emailu. Teprve po osobn\u00ed n\u00e1v\u0161t\u011bv\u011b a pohovoru se rozhodneme, zda V\u00e1m \u0161t\u011b\u0148\u00e1tko sv\u011b\u0159\u00edme. V\u00edce na str\u00e1nce <a href=\"https:\/\/www.zmodrehokralovstvi.cz\/index.php\/informace-pro-zajemce-o-stenatko\/\">pro z\u00e1jemce o \u0161t\u011b\u0148\u00e1tko<\/a>.<br><\/em><\/p>\n<p>&nbsp;<\/p>\n\n\n\n\n\n<h2 class=\"wp-block-heading has-text-align-center\"><span style=\"color:#8ed1fc\" class=\"tadv-color\">Kontakt<\/span><\/h2>\n\n\n<p>Ing.Lucie Glaserov\u00e1<br>e-mail: info(at)zmodrehokralovstvi.cz<\/p>\n<p style=\"text-align: center;\"><a href=\"https:\/\/mapy.cz\/zakladni?vlastni-body&amp;x=14.7023993&amp;y=50.0079259&amp;z=13&amp;l=0&amp;ut=Doubek&amp;uc=9hvw8xXcBu&amp;ud=14%C2%B044%2715.942%22E%2050%C2%B01%275.267%22N\" target=\"_blank\" rel=\"noopener noreferrer\"><img loading=\"lazy\" decoding=\"async\" class=\"size-large wp-image-1385 aligncenter\" src=\"https:\/\/www.zmodrehokralovstvi.cz\/wp-content\/uploads\/2018\/12\/mapa-1024x368.jpg\" alt=\"\" width=\"1024\" height=\"368\" srcset=\"https:\/\/www.zmodrehokralovstvi.cz\/wp-content\/uploads\/2018\/12\/mapa-1024x368.jpg 1024w, https:\/\/www.zmodrehokralovstvi.cz\/wp-content\/uploads\/2018\/12\/mapa-300x108.jpg 300w, https:\/\/www.zmodrehokralovstvi.cz\/wp-content\/uploads\/2018\/12\/mapa-768x276.jpg 768w, https:\/\/www.zmodrehokralovstvi.cz\/wp-content\/uploads\/2018\/12\/mapa-1536x551.jpg 1536w, https:\/\/www.zmodrehokralovstvi.cz\/wp-content\/uploads\/2018\/12\/mapa.jpg 1791w\" sizes=\"auto, (max-width: 1024px) 100vw, 1024px\" \/><\/a><\/p>\n<p style=\"text-align: center;\"><a href=\"http:\/\/www.smooth-collie.net\/\" target=\"_blank\" rel=\"noopener noreferrer\"><img loading=\"lazy\" decoding=\"async\" class=\"wp-image-2498 aligncenter\" src=\"https:\/\/www.zmodrehokralovstvi.cz\/wp-content\/uploads\/2020\/02\/smoth-collie-database.jpg\" alt=\"\" width=\"218\" height=\"31\" srcset=\"https:\/\/www.zmodrehokralovstvi.cz\/wp-content\/uploads\/2020\/02\/smoth-collie-database.jpg 493w, https:\/\/www.zmodrehokralovstvi.cz\/wp-content\/uploads\/2020\/02\/smoth-collie-database-300x43.jpg 300w\" sizes=\"auto, (max-width: 218px) 100vw, 218px\" \/><\/a><span style=\"color: #ffffff;\">Podporujeme web s&nbsp;datab\u00e1z\u00ed kr\u00e1tkosrst\u00fdch koli\u00ed<\/span><\/p>\n<p style=\"opacity: 0.0;\">kra\u0165andy<\/p>\n<p style=\"opacity: 0.0;\">kr\u00e1tkosrst\u00e1 k\u00f3lie<\/p>\n<p style=\"opacity: 0.0;\">smooth collie<\/p>\n\n<div class=\"wp-block-image\">\n<figure class=\"aligncenter size-large\"><img loading=\"lazy\" decoding=\"async\" width=\"1024\" height=\"705\" src=\"https:\/\/www.zmodrehokralovstvi.cz\/wp-content\/uploads\/2024\/12\/2020-09-22-16.13.46-1024x705.jpg\" alt=\"\" class=\"wp-image-10389\" srcset=\"https:\/\/www.zmodrehokralovstvi.cz\/wp-content\/uploads\/2024\/12\/2020-09-22-16.13.46-1024x705.jpg 1024w, https:\/\/www.zmodrehokralovstvi.cz\/wp-content\/uploads\/2024\/12\/2020-09-22-16.13.46-300x207.jpg 300w, https:\/\/www.zmodrehokralovstvi.cz\/wp-content\/uploads\/2024\/12\/2020-09-22-16.13.46-768x529.jpg 768w, https:\/\/www.zmodrehokralovstvi.cz\/wp-content\/uploads\/2024\/12\/2020-09-22-16.13.46-1536x1057.jpg 1536w, https:\/\/www.zmodrehokralovstvi.cz\/wp-content\/uploads\/2024\/12\/2020-09-22-16.13.46-2048x1410.jpg 2048w\" sizes=\"auto, (max-width: 1024px) 100vw, 1024px\" \/><\/figure>\n<\/div>\n\n\n\n\n\n\n<figure class=\"wp-block-gallery aligncenter has-nested-images columns-default is-cropped wp-block-gallery-1 is-layout-flex wp-block-gallery-is-layout-flex\">\n<figure class=\"wp-block-image size-large\"><img loading=\"lazy\" decoding=\"async\" width=\"740\" height=\"1024\" data-id=\"10390\" src=\"https:\/\/www.zmodrehokralovstvi.cz\/wp-content\/uploads\/2024\/12\/2024-11-22-22.00.00-2-740x1024.jpg\" alt=\"\" class=\"wp-image-10390\" srcset=\"https:\/\/www.zmodrehokralovstvi.cz\/wp-content\/uploads\/2024\/12\/2024-11-22-22.00.00-2-740x1024.jpg 740w, https:\/\/www.zmodrehokralovstvi.cz\/wp-content\/uploads\/2024\/12\/2024-11-22-22.00.00-2-217x300.jpg 217w, https:\/\/www.zmodrehokralovstvi.cz\/wp-content\/uploads\/2024\/12\/2024-11-22-22.00.00-2-768x1062.jpg 768w, https:\/\/www.zmodrehokralovstvi.cz\/wp-content\/uploads\/2024\/12\/2024-11-22-22.00.00-2-1110x1536.jpg 1110w, https:\/\/www.zmodrehokralovstvi.cz\/wp-content\/uploads\/2024\/12\/2024-11-22-22.00.00-2-1481x2048.jpg 1481w, https:\/\/www.zmodrehokralovstvi.cz\/wp-content\/uploads\/2024\/12\/2024-11-22-22.00.00-2.jpg 1764w\" sizes=\"auto, (max-width: 740px) 100vw, 740px\" \/><\/figure>\n\n\n\n<figure class=\"wp-block-image size-large\"><img loading=\"lazy\" decoding=\"async\" width=\"739\" height=\"1024\" data-id=\"10391\" src=\"https:\/\/www.zmodrehokralovstvi.cz\/wp-content\/uploads\/2024\/12\/2024-11-22-22.01.32-1-739x1024.jpg\" alt=\"\" class=\"wp-image-10391\" srcset=\"https:\/\/www.zmodrehokralovstvi.cz\/wp-content\/uploads\/2024\/12\/2024-11-22-22.01.32-1-739x1024.jpg 739w, https:\/\/www.zmodrehokralovstvi.cz\/wp-content\/uploads\/2024\/12\/2024-11-22-22.01.32-1-217x300.jpg 217w, https:\/\/www.zmodrehokralovstvi.cz\/wp-content\/uploads\/2024\/12\/2024-11-22-22.01.32-1-768x1064.jpg 768w, https:\/\/www.zmodrehokralovstvi.cz\/wp-content\/uploads\/2024\/12\/2024-11-22-22.01.32-1-1109x1536.jpg 1109w, https:\/\/www.zmodrehokralovstvi.cz\/wp-content\/uploads\/2024\/12\/2024-11-22-22.01.32-1-1479x2048.jpg 1479w, https:\/\/www.zmodrehokralovstvi.cz\/wp-content\/uploads\/2024\/12\/2024-11-22-22.01.32-1-scaled.jpg 1848w\" sizes=\"auto, (max-width: 739px) 100vw, 739px\" \/><\/figure>\n<\/figure>\n\n\n\n<p><\/p>\n\n\n<div class=\"wp-block-image\">\n<figure class=\"aligncenter size-large\"><img loading=\"lazy\" decoding=\"async\" width=\"768\" height=\"1024\" src=\"https:\/\/www.zmodrehokralovstvi.cz\/wp-content\/uploads\/2025\/01\/2025-01-13-06.22.03-768x1024.jpg\" alt=\"\" class=\"wp-image-10414\" srcset=\"https:\/\/www.zmodrehokralovstvi.cz\/wp-content\/uploads\/2025\/01\/2025-01-13-06.22.03-768x1024.jpg 768w, https:\/\/www.zmodrehokralovstvi.cz\/wp-content\/uploads\/2025\/01\/2025-01-13-06.22.03-225x300.jpg 225w, https:\/\/www.zmodrehokralovstvi.cz\/wp-content\/uploads\/2025\/01\/2025-01-13-06.22.03-1152x1536.jpg 1152w, https:\/\/www.zmodrehokralovstvi.cz\/wp-content\/uploads\/2025\/01\/2025-01-13-06.22.03-1536x2048.jpg 1536w, https:\/\/www.zmodrehokralovstvi.cz\/wp-content\/uploads\/2025\/01\/2025-01-13-06.22.03-scaled.jpg 1920w\" sizes=\"auto, (max-width: 768px) 100vw, 768px\" \/><\/figure>\n<\/div>\n\n\n\n","protected":false},"excerpt":{"rendered":"<p>O n\u00e1s EN version Kr\u00e1tkosrst\u00e9 kolie &#8211; kra\u0165andy &#8211;&nbsp; jsou oddan\u00e9, loaj\u00e1ln\u00ed a \u010dasto i z\u00e1visl\u00e9 na sv\u00e9m majiteli \u010di jeho rodin\u011b, se kter\u00fdmi cht\u011bj\u00ed tr\u00e1vit sv\u016fj \u010das a del\u0161\u00ed odlou\u010den\u00ed ob\u010das t\u011b\u017eko nesou. Jsou p\u0159\u00e1telsk\u00e9, p\u0159izp\u016fsobiv\u00e9, inteligentn\u00ed a u\u010denliv\u00e9. Jsou hrav\u00e9 a pro sv\u00e9ho majitele jsou schopn\u00e9 ud\u011blat cokoliv. Rozhodli jste se po\u0159\u00eddit si [&hellip;]<\/p>\n","protected":false},"author":2,"featured_media":7658,"parent":0,"menu_order":1,"comment_status":"closed","ping_status":"closed","template":"","meta":{"ngg_post_thumbnail":0,"footnotes":""},"class_list":["post-191","page","type-page","status-publish","has-post-thumbnail","hentry","entry","has-media"],"post_mailing_queue_ids":[],"_links":{"self":[{"href":"https:\/\/www.zmodrehokralovstvi.cz\/index.php\/wp-json\/wp\/v2\/pages\/191","targetHints":{"allow":["GET"]}}],"collection":[{"href":"https:\/\/www.zmodrehokralovstvi.cz\/index.php\/wp-json\/wp\/v2\/pages"}],"about":[{"href":"https:\/\/www.zmodrehokralovstvi.cz\/index.php\/wp-json\/wp\/v2\/types\/page"}],"author":[{"embeddable":true,"href":"https:\/\/www.zmodrehokralovstvi.cz\/index.php\/wp-json\/wp\/v2\/users\/2"}],"replies":[{"embeddable":true,"href":"https:\/\/www.zmodrehokralovstvi.cz\/index.php\/wp-json\/wp\/v2\/comments?post=191"}],"version-history":[{"count":20,"href":"https:\/\/www.zmodrehokralovstvi.cz\/index.php\/wp-json\/wp\/v2\/pages\/191\/revisions"}],"predecessor-version":[{"id":10557,"href":"https:\/\/www.zmodrehokralovstvi.cz\/index.php\/wp-json\/wp\/v2\/pages\/191\/revisions\/10557"}],"wp:featuredmedia":[{"embeddable":true,"href":"https:\/\/www.zmodrehokralovstvi.cz\/index.php\/wp-json\/wp\/v2\/media\/7658"}],"wp:attachment":[{"href":"https:\/\/www.zmodrehokralovstvi.cz\/index.php\/wp-json\/wp\/v2\/media?parent=191"}],"curies":[{"name":"wp","href":"https:\/\/api.w.org\/{rel}","templated":true}]}}