{"id":10778,"date":"2026-05-06T13:53:56","date_gmt":"2026-05-06T12:53:56","guid":{"rendered":"https:\/\/www.zmodrehokralovstvi.cz\/?page_id=10778"},"modified":"2026-05-06T14:02:18","modified_gmt":"2026-05-06T13:02:18","slug":"vrh-f","status":"publish","type":"page","link":"https:\/\/www.zmodrehokralovstvi.cz\/index.php\/vrh-f\/","title":{"rendered":"Vrh F"},"content":{"rendered":"\n<h2 class=\"wp-block-heading\" id=\"datum-narozeni-13-4-2019\">Datum narozen\u00ed: ??.5.2026<\/h2>\n\n\n<p><span style=\"color: #ff0000;\"><em>&#8212;<\/em><\/span><\/p>\n\n\n<p>matka: <a href=\"https:\/\/www.smooth-collie.net\/view.php?id=25517\" target=\"_blank\" rel=\"noreferrer noopener\">Emilka z&nbsp;Modr\u00e9ho kr\u00e1lovstv\u00ed &#8222;Mimi&#8220;<\/a><\/p>\n\n\n\n<p class=\"has-small-font-size\"><strong>Health:<\/strong><br>Eyes clear (6 weeks)<br>CEA DNA N\/N (Genomia)<br>PRA (rcd2) DNA N\/N (Laboklin\/Genomia)<br>MDR1 (ABCB1) +\/+ (Genomia)<br>DM (SOD1) N\/N (Genomia)<br>FGF5 gen ovliv\u0148uj\u00edc\u00edch d\u00e9lku srsti N\/N (Genomia)<br>Detekce mutace genu RYR1 zp\u016fsobuj\u00edc\u00ed malign\u00ed hypertermii po expozici vyvol\u00e1vac\u00edch l\u00e1tek u r\u016fzn\u00fdch plemen ps\u016f &#8211; N\/N (Genomia)<br>a testy dal\u0161\u00edch 255 genetick\u00fdch chorob &#8211; v\u0161e negativn\u00ed<br><em><a href=\"https:\/\/www.zmodrehokralovstvi.cz\/index.php\/cv-emilka-z-modreho-kralovstvi\/\" data-type=\"page\" data-id=\"987\">V\u00fdsledky test\u016f m\u00e1me k&nbsp;dispozici v&nbsp;CZ a EN.<\/a> <\/em><br><a href=\"https:\/\/www.zmodrehokralovstvi.cz\/index.php\/cv-emilka-z-modreho-kralovstvi\/\" data-type=\"page\" data-id=\"987\"><em>Test results are available in CZ and EN languages.<\/em> <\/a><\/p>\n\n\n\n<p>otec: <a href=\"https:\/\/www.smooth-collie.net\/view.php?id=26172\" target=\"_blank\" rel=\"noreferrer noopener\">Django Unchained from black riding Hood &#8222;Tyco&#8220;<\/a><\/p>\n\n\n\n<p class=\"has-small-font-size\"><strong>Health:<\/strong><br>Eyes clear<br>HD A<br>ED 0<br>CEA DNA non-carrier (MyDogDNA)<br>PRA (rcd2) DNA non-carrier (MyDogDNA)<br>MDR1 +\/+ (MyDogDNA)<br>DM (SOD1) N\/N (MyDogDNA)<br>HUU (SLC) non-carrier (MyDogDNA)<br>DMS clear (MyDogDNA)<br>pure for smooth (MyDogDNA)<br>K\u00f6rklasse 1<\/p>\n\n\n","protected":false},"excerpt":{"rendered":"<p>Datum narozen\u00ed: ??.5.2026 &#8212; matka: Emilka z&nbsp;Modr\u00e9ho kr\u00e1lovstv\u00ed &#8222;Mimi&#8220; Health:Eyes clear (6 weeks)CEA DNA N\/N (Genomia)PRA (rcd2) DNA N\/N (Laboklin\/Genomia)MDR1 (ABCB1) +\/+ (Genomia)DM (SOD1) N\/N (Genomia)FGF5 gen ovliv\u0148uj\u00edc\u00edch d\u00e9lku srsti N\/N (Genomia)Detekce mutace genu RYR1 zp\u016fsobuj\u00edc\u00ed malign\u00ed hypertermii po expozici vyvol\u00e1vac\u00edch l\u00e1tek u r\u016fzn\u00fdch plemen ps\u016f &#8211; N\/N (Genomia)a testy dal\u0161\u00edch 255 genetick\u00fdch chorob &#8211; [&hellip;]<\/p>\n","protected":false},"author":2,"featured_media":0,"parent":0,"menu_order":0,"comment_status":"closed","ping_status":"closed","template":"","meta":{"ngg_post_thumbnail":0,"footnotes":""},"class_list":["post-10778","page","type-page","status-publish","hentry","entry"],"post_mailing_queue_ids":[],"_links":{"self":[{"href":"https:\/\/www.zmodrehokralovstvi.cz\/index.php\/wp-json\/wp\/v2\/pages\/10778","targetHints":{"allow":["GET"]}}],"collection":[{"href":"https:\/\/www.zmodrehokralovstvi.cz\/index.php\/wp-json\/wp\/v2\/pages"}],"about":[{"href":"https:\/\/www.zmodrehokralovstvi.cz\/index.php\/wp-json\/wp\/v2\/types\/page"}],"author":[{"embeddable":true,"href":"https:\/\/www.zmodrehokralovstvi.cz\/index.php\/wp-json\/wp\/v2\/users\/2"}],"replies":[{"embeddable":true,"href":"https:\/\/www.zmodrehokralovstvi.cz\/index.php\/wp-json\/wp\/v2\/comments?post=10778"}],"version-history":[{"count":4,"href":"https:\/\/www.zmodrehokralovstvi.cz\/index.php\/wp-json\/wp\/v2\/pages\/10778\/revisions"}],"predecessor-version":[{"id":10788,"href":"https:\/\/www.zmodrehokralovstvi.cz\/index.php\/wp-json\/wp\/v2\/pages\/10778\/revisions\/10788"}],"wp:attachment":[{"href":"https:\/\/www.zmodrehokralovstvi.cz\/index.php\/wp-json\/wp\/v2\/media?parent=10778"}],"curies":[{"name":"wp","href":"https:\/\/api.w.org\/{rel}","templated":true}]}}