{"id":10135,"date":"2023-05-23T06:40:22","date_gmt":"2023-05-23T05:40:22","guid":{"rendered":"https:\/\/www.zmodrehokralovstvi.cz\/?page_id=10135"},"modified":"2026-02-20T09:19:11","modified_gmt":"2026-02-20T08:19:11","slug":"cv-emilka-z-modreho-kralovstvi","status":"publish","type":"page","link":"https:\/\/www.zmodrehokralovstvi.cz\/index.php\/cv-emilka-z-modreho-kralovstvi\/","title":{"rendered":"CV Emilka z&nbsp;Modr\u00e9ho kr\u00e1lovstv\u00ed"},"content":{"rendered":"\n<figure class=\"wp-block-image size-large\"><img loading=\"lazy\" decoding=\"async\" width=\"1024\" height=\"768\" src=\"https:\/\/www.zmodrehokralovstvi.cz\/wp-content\/uploads\/2025\/04\/Emilka_2roky-1024x768.jpg\" alt=\"\" class=\"wp-image-10498\" srcset=\"https:\/\/www.zmodrehokralovstvi.cz\/wp-content\/uploads\/2025\/04\/Emilka_2roky-1024x768.jpg 1024w, https:\/\/www.zmodrehokralovstvi.cz\/wp-content\/uploads\/2025\/04\/Emilka_2roky-300x225.jpg 300w, https:\/\/www.zmodrehokralovstvi.cz\/wp-content\/uploads\/2025\/04\/Emilka_2roky-768x576.jpg 768w, https:\/\/www.zmodrehokralovstvi.cz\/wp-content\/uploads\/2025\/04\/Emilka_2roky-1536x1152.jpg 1536w, https:\/\/www.zmodrehokralovstvi.cz\/wp-content\/uploads\/2025\/04\/Emilka_2roky-2048x1536.jpg 2048w\" sizes=\"auto, (max-width: 1024px) 100vw, 1024px\" \/><\/figure>\n\n\n\n<p>Na\u0161e malinkat\u00e1<\/p>\n<p>Narodila se 19.4.2023 ve <a href=\"https:\/\/www.zmodrehokralovstvi.cz\/index.php\/kryti\/vrh-e\/\" target=\"_blank\" rel=\"noopener noreferrer\">vrhu E<\/a> sedmi \u0161t\u011b\u0148\u00e1tek v&nbsp;na\u0161\u00ed CHS <a href=\"https:\/\/www.zmodrehokralovstvi.cz\" target=\"_blank\" rel=\"noopener noreferrer\">&#8222;z&nbsp;Modr\u00e9ho kr\u00e1lovstv\u00ed&#8220;<\/a>.<br><span class=\"tlid-translation translation\" lang=\"en\"><span class=\"\" title=\"\">She was born 19.4.2023 in <a href=\"https:\/\/www.zmodrehokralovstvi.cz\/index.php\/kryti\/vrh-e\/\" target=\"_blank\" rel=\"noopener noreferrer\">litter E<\/a> of seven puppies in our kennel<\/span><\/span>&nbsp;<a href=\"https:\/\/www.zmodrehokralovstvi.cz\" target=\"_blank\" rel=\"noopener noreferrer\">&#8222;z&nbsp;Modr\u00e9ho kr\u00e1lovstv\u00ed&#8220;<\/a>.<\/p>\n<p>Erika, Eragon, Elisabeth, Edvard, Emanuel, Emilka, Etienne<\/p>\n<p><strong><span style=\"color: #00ccff;\">Rodokmen \/ <span class=\"tlid-translation translation\" lang=\"en\"><span class=\"\" title=\"\">Pedigree<\/span><\/span>:<\/span><\/strong> <a href=\"https:\/\/www.smooth-collie.net\/view_litter.php?id=7378\" target=\"_blank\" rel=\"noopener noreferrer\">Emilka z&nbsp;Modr\u00e9ho kr\u00e1lovstv\u00ed<\/a>&nbsp;<br><strong><span style=\"color: #00ccff;\">Otec \/ F<span class=\"tlid-translation translation\" lang=\"en\"><span class=\"\" title=\"\">ather<\/span><\/span>:<\/span><\/strong> <a href=\"https:\/\/www.smooth-collie.net\/view.php?id=14945\" target=\"_blank\" rel=\"noopener noreferrer\">&#8222;Samu&#8220; Cassius Clay from the Sun of China<\/a><br><strong><span style=\"color: #00ccff;\">Matka \/ M<span class=\"tlid-translation translation\" lang=\"en\"><span class=\"\" title=\"\">other<\/span><\/span>:<\/span><\/strong>&nbsp;<a href=\"http:\/\/www.smooth-collie.net\/view.php?id=19136\" target=\"_blank\" rel=\"noopener noreferrer\">Bezinka z&nbsp;Modr\u00e9ho kr\u00e1lovstv\u00ed<\/a><\/p>\n<p><span style=\"color: #00ccff;\"><strong><span class=\"tlid-translation translation\" lang=\"en\"><span class=\"\" title=\"\">Quick links<\/span><\/span>:<\/strong><\/span><br><a href=\"https:\/\/www.zmodrehokralovstvi.cz\/index.php\/kryti\/\">Planed litters<\/a> &nbsp;&nbsp; <a href=\"https:\/\/www.zmodrehokralovstvi.cz\/index.php\/kryti\/vrh-a\/\"><span class=\"tlid-translation translation\" lang=\"en\"><span class=\"\" title=\"\">Litter A<\/span><\/span><\/a>&nbsp; <a href=\"https:\/\/www.zmodrehokralovstvi.cz\/index.php\/kryti\/vrh-b\/\"><span class=\"tlid-translation translation\" lang=\"en\"><span class=\"\" title=\"\">Litter B&nbsp;&nbsp; <\/span><\/span><\/a><a href=\"https:\/\/www.zmodrehokralovstvi.cz\/index.php\/kryti\/vrh-c\/\"><span class=\"tlid-translation translation\" lang=\"en\"><span class=\"\" title=\"\">Litter C<\/span><\/span><\/a>&nbsp;&nbsp; <a href=\"https:\/\/www.zmodrehokralovstvi.cz\/index.php\/kryti\/vrh-d\/\"><span class=\"tlid-translation translation\" lang=\"en\"><span class=\"\" title=\"\">Litter D<\/span><\/span><\/a>&nbsp;&nbsp; <a href=\"https:\/\/www.zmodrehokralovstvi.cz\/index.php\/kryti\/vrh-e\/\"><span class=\"tlid-translation translation\" lang=\"en\"><span class=\"\" title=\"\">Litter E<\/span><\/span><\/a>&nbsp;<\/p>\n<p><span style=\"color: #00ccff;\"><strong>Zdrav\u00ed \/ Health:<\/strong><\/span><\/p>\n\n\n\n<p>&#8211; <a href=\"https:\/\/www.zmodrehokralovstvi.cz\/wp-content\/uploads\/2025\/02\/Emilka-test_oci.pdf\" target=\"_blank\" rel=\"noopener noreferre noreferrer\">Test o\u010d\u00ed &#8211; <strong>Eyes clear <\/strong>(AAVet)<\/a><br>&#8211; <a href=\"https:\/\/www.zmodrehokralovstvi.cz\/wp-content\/uploads\/2025\/02\/result-cz_289107_23-15207_michal-glaser.pdf\" target=\"_blank\" rel=\"noopener noreferre noreferrer\">Detekce mutace genu ABCB1 genu zp\u016fsobuj\u00edc\u00ed u ps\u016f l\u00e9kovou senzitivitu (MDR1) &#8211; <strong>N\/N<\/strong> (Genomia)<\/a><br><a href=\"https:\/\/www.zmodrehokralovstvi.cz\/wp-content\/uploads\/2025\/02\/result-en_289107_23-15207_michal-glaser.pdf\" target=\"_blank\" rel=\"noopener noreferrer\">(<span class=\"tlid-translation translation\" lang=\"en\"><span class=\"\" title=\"\">English version<\/span><\/span>)<\/a><br>&#8211; <a href=\"https:\/\/www.zmodrehokralovstvi.cz\/wp-content\/uploads\/2025\/02\/result-cz_289110_23-15207_michal-glaser.pdf\" target=\"_blank\" rel=\"noopener noreferre noreferrer\">Detekce mutace genu NHEJ1 zp\u016fsobuj\u00edc\u00ed CEA u n\u011bkolika plemen ps\u016f &#8211; <strong>N\/N<\/strong> (Genomia)<\/a><br><a href=\"https:\/\/www.zmodrehokralovstvi.cz\/wp-content\/uploads\/2025\/02\/result-en_289110_23-15207_michal-glaser.pdf\" target=\"_blank\" rel=\"noopener noreferrer\">(English version)<\/a><br>&#8211; <a href=\"https:\/\/www.zmodrehokralovstvi.cz\/wp-content\/uploads\/2025\/02\/result-cz_289108_23-15207_michal-glaser.pdf\" target=\"_blank\" rel=\"noopener noreferre noreferrer\">Detekce genu zp\u016fsobuj\u00edc\u00ed hyperurikosurii u ps\u016f &#8211; <strong>N\/N<\/strong> (Genomia)<\/a><br><a href=\"https:\/\/www.zmodrehokralovstvi.cz\/wp-content\/uploads\/2025\/02\/result-en_289108_23-15207_michal-glaser.pdf\" target=\"_blank\" rel=\"noopener noreferrer\">(English version)<\/a><br>&#8211; <a href=\"https:\/\/www.zmodrehokralovstvi.cz\/wp-content\/uploads\/2025\/02\/result-cz_231887_23-15207_michal-glaser.pdf\" target=\"_blank\" rel=\"noopener noreferre noreferrer\" data-wplink-edit=\"true\">Detekce inzer\u010dn\u00ed mutace exonu 4 RD3 genu zp\u016fsobuj\u00edc\u00ed onemocn\u011bn\u00ed RCD2 u ps\u016f plemena koli\u00ed (PRA) &#8211; <strong>N\/N<\/strong> (Genomia)<\/a><br><a href=\"https:\/\/www.zmodrehokralovstvi.cz\/wp-content\/uploads\/2023\/05\/2305W75825.pdf\" target=\"_blank\" rel=\"noopener noreferre noreferrer\">(Kontroln\u00ed vy\u0161et\u0159en\u00ed u LABOKLIN)<\/a><br><a href=\"https:\/\/www.zmodrehokralovstvi.cz\/wp-content\/uploads\/2025\/02\/result-en_231887_23-15207_michal-glaser.pdf\" target=\"_blank\" rel=\"noopener noreferrer\">(English version)<\/a><br>&#8211; <a href=\"https:\/\/www.zmodrehokralovstvi.cz\/wp-content\/uploads\/2025\/02\/result-cz_289109_23-15207_michal-glaser.pdf\" target=\"_blank\" rel=\"noopener noreferre noreferrer\">Detekce mutace v&nbsp;SOD1 genu zp\u016fsobuj\u00edc\u00ed degenerativn\u00ed myelopatii u ps\u016f (DM) &#8211; <strong>N\/N<\/strong> (Genomia)<\/a><br><a href=\"https:\/\/www.zmodrehokralovstvi.cz\/wp-content\/uploads\/2025\/02\/result-en_289109_23-15207_michal-glaser.pdf\" target=\"_blank\" rel=\"noopener noreferrer\">(English version)<\/a><br>&#8211; <a href=\"https:\/\/www.zmodrehokralovstvi.cz\/wp-content\/uploads\/2025\/02\/result-cz_289106_23-15207_michal-glaser.pdf\" target=\"_blank\" rel=\"noopener noreferre noreferrer\">Detekce mutace genu RYR1 zp\u016fsobuj\u00edc\u00ed malign\u00ed hypertermii po expozici vyvol\u00e1vac\u00edch l\u00e1tek u r\u016fzn\u00fdch plemen ps\u016f &#8211; <strong>N\/N<\/strong> (Genomia)<\/a><br><a href=\"https:\/\/www.zmodrehokralovstvi.cz\/wp-content\/uploads\/2025\/02\/result-en_289106_23-15207_michal-glaser.pdf\" target=\"_blank\" rel=\"noopener noreferrer\">(English version)<\/a><br>&#8211; <a href=\"https:\/\/www.zmodrehokralovstvi.cz\/wp-content\/uploads\/2025\/03\/result-cz_289111_23-15207_michal-glaser.pdf\" target=\"_blank\" rel=\"noopener noreferre noreferrer\" data-wplink-edit=\"true\">Kompletn\u00ed genetick\u00fd screening 255 d\u011bdi\u010dn\u00fdch chorob a vzhledov\u00fdch znak\u016f psa &#8211; v\u0161e negativn\u00ed!! (Genomia)<\/a><br><a href=\"https:\/\/www.zmodrehokralovstvi.cz\/wp-content\/uploads\/2025\/03\/result-en_289111_23-15207_michal-glaser.pdf\" target=\"_blank\" rel=\"noopener noreferrer\">(<span class=\"tlid-translation translation\" lang=\"en\"><span class=\"\" title=\"\">English version<\/span><\/span>)<\/a><\/p>\n\n\n<p><span style=\"color: #00ccff;\"><strong>Bonitace:<\/strong><\/span><strong><br><\/strong><a href=\"https:\/\/www.zmodrehokralovstvi.cz\/wp-content\/uploads\/2025\/04\/2025-04-06-09.47.46-scaled.jpg\" target=\"_blank\" rel=\"noopener\">posudek A<\/a><br><a href=\"https:\/\/www.zmodrehokralovstvi.cz\/wp-content\/uploads\/2025\/04\/2025-04-06-09.48.08-scaled.jpg\" target=\"_blank\" rel=\"noopener\">posudek B<\/a><\/p>\n<p><span style=\"color: #00ccff;\"><strong>Dosa\u017een\u00e9 zkou\u0161ky:<\/strong><\/span><br><br>ZOP<br><a href=\"https:\/\/www.zmodrehokralovstvi.cz\/wp-content\/uploads\/2024\/10\/2024-10-06-13.07.55-8-scaled.jpg\" target=\"_blank\" rel=\"noopener\">certifik\u00e1t<\/a><br><br>Rally Obedience &#8211; slo\u017een\u00e1 zkou\u0161ka ve t\u0159\u00edd\u011b:<br><a href=\"https:\/\/www.zmodrehokralovstvi.cz\/wp-content\/uploads\/2025\/09\/ROZ.jpg\">ROZ<\/a>, RO1<\/p>\n\n\n<p><span style=\"color: #00ccff;\"><strong>Seznam v\u00fdstav s&nbsp;ocen\u011bn\u00edm \/ List of exhibitions with awards:<\/strong><\/span><\/p>\n<p><strong>Velmi nad\u011bjn\u00e1 3<\/strong> \u2013 t\u0159\u00edda \u0161t\u011b\u0148at<br>(10.9.2023 &#8211; Speci\u00e1l\u00ed v\u00fdstava koli\u00ed Humpolec, rozhod\u010d\u00ed pan Bente L\u00f8seth &#8211; NO)<br><a href=\"https:\/\/www.zmodrehokralovstvi.cz\/wp-content\/uploads\/2023\/09\/Obrazek-WhatsApp-2023-09-29-v-07.54.22-1.jpg\" target=\"_blank\" rel=\"noopener noreferrer\">posudek<\/a><\/p>\n\n\n\n<p><strong>V\u00fdborn\u00e1 2, res.CAC<\/strong> \u2013 mezit\u0159\u00edda<br>(12.10.2024 &#8211; Mezin\u00e1rodn\u00ed v\u00fdstava \u010cesk\u00e9 Bud\u011bjovice 2024, rozhod\u010d\u00ed pan\u00ed Olga Dolej\u0161ov\u00e1 &#8211; CZ)<br><a href=\"https:\/\/www.zmodrehokralovstvi.cz\/wp-content\/uploads\/2025\/04\/2025-04-06-10.20.40-scaled.jpg\" target=\"_blank\" rel=\"noopener\">posudek<\/a><\/p>\n\n\n\n<p><strong>V\u00fdborn\u00e1<\/strong> \u2013 otev\u0159en\u00e1 t\u0159\u00edda<br>(5.4.2025 &#8211; Klubov\u00e1 v\u00fdsstava v\u00fdstava koli\u00ed Mlad\u00e1 Boleslav, rozhod\u010d\u00ed pan Johhny Andersson &#8211; SE)<br><a href=\"https:\/\/www.zmodrehokralovstvi.cz\/wp-content\/uploads\/2025\/04\/2025-04-06-08.38.15-scaled.jpg\" target=\"_blank\" rel=\"noopener\">posudek<\/a><\/p>\n\n\n","protected":false},"excerpt":{"rendered":"<p>Na\u0161e malinkat\u00e1 Narodila se 19.4.2023 ve vrhu E sedmi \u0161t\u011b\u0148\u00e1tek v&nbsp;na\u0161\u00ed CHS &#8222;z&nbsp;Modr\u00e9ho kr\u00e1lovstv\u00ed&#8220;.She was born 19.4.2023 in litter E of seven puppies in our kennel&nbsp;&#8222;z&nbsp;Modr\u00e9ho kr\u00e1lovstv\u00ed&#8220;. Erika, Eragon, Elisabeth, Edvard, Emanuel, Emilka, Etienne Rodokmen \/ Pedigree: Emilka z&nbsp;Modr\u00e9ho kr\u00e1lovstv\u00ed&nbsp;Otec \/ Father: &#8222;Samu&#8220; Cassius Clay from the Sun of ChinaMatka \/ Mother:&nbsp;Bezinka z&nbsp;Modr\u00e9ho kr\u00e1lovstv\u00ed Quick [&hellip;]<\/p>\n","protected":false},"author":2,"featured_media":0,"parent":0,"menu_order":24,"comment_status":"closed","ping_status":"closed","template":"","meta":{"ngg_post_thumbnail":0,"footnotes":""},"class_list":["post-10135","page","type-page","status-publish","hentry","entry"],"post_mailing_queue_ids":[],"_links":{"self":[{"href":"https:\/\/www.zmodrehokralovstvi.cz\/index.php\/wp-json\/wp\/v2\/pages\/10135","targetHints":{"allow":["GET"]}}],"collection":[{"href":"https:\/\/www.zmodrehokralovstvi.cz\/index.php\/wp-json\/wp\/v2\/pages"}],"about":[{"href":"https:\/\/www.zmodrehokralovstvi.cz\/index.php\/wp-json\/wp\/v2\/types\/page"}],"author":[{"embeddable":true,"href":"https:\/\/www.zmodrehokralovstvi.cz\/index.php\/wp-json\/wp\/v2\/users\/2"}],"replies":[{"embeddable":true,"href":"https:\/\/www.zmodrehokralovstvi.cz\/index.php\/wp-json\/wp\/v2\/comments?post=10135"}],"version-history":[{"count":60,"href":"https:\/\/www.zmodrehokralovstvi.cz\/index.php\/wp-json\/wp\/v2\/pages\/10135\/revisions"}],"predecessor-version":[{"id":10714,"href":"https:\/\/www.zmodrehokralovstvi.cz\/index.php\/wp-json\/wp\/v2\/pages\/10135\/revisions\/10714"}],"wp:attachment":[{"href":"https:\/\/www.zmodrehokralovstvi.cz\/index.php\/wp-json\/wp\/v2\/media?parent=10135"}],"curies":[{"name":"wp","href":"https:\/\/api.w.org\/{rel}","templated":true}]}}